{"id":32,"date":"2023-10-16T19:36:30","date_gmt":"2023-10-16T19:36:30","guid":{"rendered":"https:\/\/ondemandbiz.com\/blog\/?page_id=32"},"modified":"2024-02-25T12:54:47","modified_gmt":"2024-02-25T12:54:47","slug":"home","status":"publish","type":"page","link":"https:\/\/www.ondemandbiz.com\/blog\/","title":{"rendered":"Home"},"content":{"rendered":"\n<div class=\"wp-block-cover alignfull is-light\" style=\"min-height:500px\"><span aria-hidden=\"true\" class=\"wp-block-cover__background has-background-dim-100 has-background-dim has-background-gradient\" style=\"background:linear-gradient(35deg,rgb(6,0,151) 0%,rgb(130,4,255) 73%,rgb(193,15,255) 100%)\"><\/span><div class=\"wp-block-cover__inner-container is-layout-flow wp-block-cover-is-layout-flow\">\n<div class=\"inherit-container-width wp-block-group alignwide is-layout-constrained wp-block-group-is-layout-constrained\">\n<div class=\"wp-block-media-text alignwide has-media-on-the-right is-stacked-on-mobile is-vertically-aligned-center\" style=\"grid-template-columns:auto 43%\"><div class=\"wp-block-media-text__content\">\n<h1 class=\"wp-block-heading has-text-align-left has-white-color has-text-color\">All tech know-how on the latest technology trends!<\/h1>\n\n\n\n<p>A collection of all blogs and articles for the recent top and latest trends in Website and Mobile App Online business. <\/p>\n\n\n\n<div class=\"wp-block-buttons is-layout-flex wp-block-buttons-is-layout-flex\">\n<div class=\"wp-block-button\"><a class=\"wp-block-button__link wp-element-button\" href=\"https:\/\/www.ondemandbiz.com\/get-quote.php\">Lets connect to build a Website or Mobile App<\/a><\/div>\n<\/div>\n<\/div><figure class=\"wp-block-media-text__media\"><img decoding=\"async\" src=\"https:\/\/ondemandbiz.com\/blog\/wp-content\/themes\/astra\/inc\/assets\/images\/starter-content\/hero-img.svg\" alt=\"\" class=\"wp-image-118 size-full\"\/><\/figure><\/div>\n<\/div>\n<\/div><\/div>\n\n\n\n<div class=\"wp-block-group alignfull is-layout-constrained wp-container-6 wp-block-group-is-layout-constrained\" id=\"services\" style=\"padding-top:20px;padding-bottom:0px\">\n<h2 class=\"wp-block-heading\">Our Recent Blogs<\/h2>\n\n\n\n<div class=\"wp-block-columns is-layout-flex wp-container-5 wp-block-columns-is-layout-flex\">\n<div class=\"wp-block-column is-layout-flow wp-block-column-is-layout-flow\" style=\"flex-basis:100%\"><ul class=\"wp-block-latest-posts__list is-grid columns-3 has-dates has-author wp-block-latest-posts\"><li><a class=\"wp-block-latest-posts__post-title\" href=\"https:\/\/www.ondemandbiz.com\/blog\/the-impact-of-kmspico-windows-10-activator-on-compliance\/\">The impact of kmspico windows 10 activator on compliance<\/a><div class=\"wp-block-latest-posts__post-author\">by Tia Mehra<\/div><time datetime=\"2025-06-12T19:29:14+00:00\" class=\"wp-block-latest-posts__post-date\">June 12, 2025<\/time><div class=\"wp-block-latest-posts__post-excerpt\">Many people want to activate Windows for free. A popular tool for this is kmspico windows 10 activator. It helps activate Windows systems and Office programs. What is kmspico windows 10 activator? KMSPico helps you activate Windows and Office products. It tricks the system into thinking it has a real license. People like it because \u2026 <a href=\"https:\/\/www.ondemandbiz.com\/blog\/the-impact-of-kmspico-windows-10-activator-on-compliance\/\" rel=\"noopener noreferrer\">Read more<\/a><\/div><\/li>\n<li><a class=\"wp-block-latest-posts__post-title\" href=\"https:\/\/www.ondemandbiz.com\/blog\/critical-lessons-from-faced-with-kmspico-download-issues\/\">Critical Lessons from Faced with kmspico download Issues<\/a><div class=\"wp-block-latest-posts__post-author\">by Tia Mehra<\/div><time datetime=\"2024-12-22T10:21:18+00:00\" class=\"wp-block-latest-posts__post-date\">December 22, 2024<\/time><div class=\"wp-block-latest-posts__post-excerpt\">Many people want to quickly activate Windows or Office. A popular way is the &#8220;kmspico download.&#8221; Many use this tool worldwide. But, know some important things before you use it. Understanding KMSPico Download KMSPico is a program that activates Microsoft products like Windows and Office. It does this without buying a license. It tricks the \u2026 <a href=\"https:\/\/www.ondemandbiz.com\/blog\/critical-lessons-from-faced-with-kmspico-download-issues\/\" rel=\"noopener noreferrer\">Read more<\/a><\/div><\/li>\n<li><a class=\"wp-block-latest-posts__post-title\" href=\"https:\/\/www.ondemandbiz.com\/blog\/download-kms-auto\/\">Kms Auto \u2014 Official Free Download Guide 2026<\/a><div class=\"wp-block-latest-posts__post-author\">by Tia Mehra<\/div><time datetime=\"2024-03-01T07:38:51+00:00\" class=\"wp-block-latest-posts__post-date\">March 1, 2024<\/time><div class=\"wp-block-latest-posts__post-excerpt\">Current as of April 2026 \u2014 Steps validated Kms auto Official Download Kms Auto setup begins with a single file \u2014 accessible from kmsauto net for users needing activation solutions in 2026. Kms Auto 16 2 is the latest version compatible with Windows Office systems, offering access to reliable auto tutorial support and KMS auto \u2026 <a href=\"https:\/\/www.ondemandbiz.com\/blog\/download-kms-auto\/\" rel=\"noopener noreferrer\">Read more<\/a><\/div><\/li>\n<li><div class=\"wp-block-latest-posts__featured-image\"><a href=\"https:\/\/www.ondemandbiz.com\/blog\/cost-to-develop-an-astrology-app\/\" aria-label=\"Unlock the Stars: Discover How Much Does It Cost to Develop an Astrology App?\"><img loading=\"lazy\" width=\"300\" height=\"158\" src=\"https:\/\/www.ondemandbiz.com\/blog\/wp-content\/uploads\/2023\/12\/Cost-to-Develop-an-Astrology-App-300x158.png\" class=\"attachment-medium size-medium wp-post-image\" alt=\"Cost to Develop an Astrology App\" decoding=\"async\" style=\"\" srcset=\"https:\/\/www.ondemandbiz.com\/blog\/wp-content\/uploads\/2023\/12\/Cost-to-Develop-an-Astrology-App-300x158.png 300w, https:\/\/www.ondemandbiz.com\/blog\/wp-content\/uploads\/2023\/12\/Cost-to-Develop-an-Astrology-App-1024x538.png 1024w, https:\/\/www.ondemandbiz.com\/blog\/wp-content\/uploads\/2023\/12\/Cost-to-Develop-an-Astrology-App-768x403.png 768w, https:\/\/www.ondemandbiz.com\/blog\/wp-content\/uploads\/2023\/12\/Cost-to-Develop-an-Astrology-App.png 1200w\" sizes=\"(max-width: 300px) 100vw, 300px\" \/><\/a><\/div><a class=\"wp-block-latest-posts__post-title\" href=\"https:\/\/www.ondemandbiz.com\/blog\/cost-to-develop-an-astrology-app\/\">Unlock the Stars: Discover How Much Does It Cost to Develop an Astrology App?<\/a><div class=\"wp-block-latest-posts__post-author\">by Tia Mehra<\/div><time datetime=\"2023-12-24T13:53:43+00:00\" class=\"wp-block-latest-posts__post-date\">December 24, 2023<\/time><div class=\"wp-block-latest-posts__post-excerpt\">Are you fascinated by astrology and the celestial world? Have you ever wondered about the cost to develop an Astrology App? If you&#8217;re interested in developing an astrology app, you may be curious about the cost involved. In this blog post, we will explore the factors that affect the cost of building an astrology app \u2026 <a href=\"https:\/\/www.ondemandbiz.com\/blog\/cost-to-develop-an-astrology-app\/\" rel=\"noopener noreferrer\">Read more<\/a><\/div><\/li>\n<li><a class=\"wp-block-latest-posts__post-title\" href=\"https:\/\/www.ondemandbiz.com\/blog\/bomba-patch-5\/\">Baixe Bomba Patch \u2014 Guia Completo de Instala\u00e7\u00e3o 2026<\/a><div class=\"wp-block-latest-posts__post-author\">by Tia Mehra<\/div><time datetime=\"2023-09-21T04:43:13+00:00\" class=\"wp-block-latest-posts__post-date\">September 21, 2023<\/time><div class=\"wp-block-latest-posts__post-excerpt\">Atualizado: Mar\u00e7o de 2026 \u2014 Passos verificados e compatibilidade confirmada Baixar Bomba Patch Aqui O download de Bomba Patch leva menos de dois minutos e est\u00e1 dispon\u00edvel para v\u00e1rias plataformas, incluindo Windows e consoles como Xbox Series S e PS4. Bomba Patch 2026 traz a vers\u00e3o mais atualizada, agora com corre\u00e7\u00f5es importantes para evitar falhas \u2026 <a href=\"https:\/\/www.ondemandbiz.com\/blog\/bomba-patch-5\/\" rel=\"noopener noreferrer\">Read more<\/a><\/div><\/li>\n<\/ul><\/div>\n<\/div>\n<\/div>\n\n\n\n<div class=\"wp-block-group alignfull has-ast-global-color-5-background-color has-background is-layout-constrained wp-container-8 wp-block-group-is-layout-constrained\" id=\"about\" style=\"padding-top:40px;padding-bottom:80px\">\n<div class=\"wp-block-media-text is-stacked-on-mobile is-vertically-aligned-center\" style=\"grid-template-columns:28% auto\"><figure class=\"wp-block-media-text__media\"><img decoding=\"async\" loading=\"lazy\" width=\"1200\" height=\"900\" src=\"https:\/\/www.ondemandbiz.com\/blog\/wp-content\/uploads\/2023\/10\/web-mobile-app-company.png\" alt=\"On Demand Business Web and mobile App Development company\" class=\"wp-image-21 size-full\" srcset=\"https:\/\/www.ondemandbiz.com\/blog\/wp-content\/uploads\/2023\/10\/web-mobile-app-company.png 1200w, https:\/\/www.ondemandbiz.com\/blog\/wp-content\/uploads\/2023\/10\/web-mobile-app-company-300x225.png 300w, https:\/\/www.ondemandbiz.com\/blog\/wp-content\/uploads\/2023\/10\/web-mobile-app-company-1024x768.png 1024w, https:\/\/www.ondemandbiz.com\/blog\/wp-content\/uploads\/2023\/10\/web-mobile-app-company-768x576.png 768w\" sizes=\"(max-width: 1200px) 100vw, 1200px\" \/><\/figure><div class=\"wp-block-media-text__content\">\n<div class=\"inherit-container-width wp-block-group is-layout-constrained wp-block-group-is-layout-constrained\" style=\"padding-right:80px\">\n<h2 class=\"wp-block-heading alignfull\" style=\"padding-right:40px\">We help you build the business of your dreams<\/h2>\n\n\n\n<p class=\"has-text-align-left\">At our web and mobile app development company, our primary goal is to assist our clients in building the business of their dreams. We achieve this through a comprehensive and collaborative process that involves several key steps<\/p>\n\n\n\n<p>By following this comprehensive approach, we aim to empower our clients to build the business of their dreams by providing top-notch web and mobile app development services that are not only functional but also strategic, user-friendly, and adaptable to their evolving needs.<\/p>\n<\/div>\n<\/div><\/div>\n<\/div>\n\n\n\n<div class=\"wp-block-group alignfull has-ast-global-color-5-background-color has-background is-layout-constrained wp-container-9 wp-block-group-is-layout-constrained\" id=\"about\" style=\"padding-top:40px;padding-bottom:80px\">\n<div  style=\"    border: blue;    border-style: solid;    margin: 5 5 0 0;    padding: 10px 10px  10px 10px;    border-radius: 5px;\">\n<h2>Get a FREE Quote<\/h2>\n<script charset=\"utf-8\" type=\"text\/javascript\" src=\"\/\/js.hsforms.net\/forms\/embed\/v2.js\"><\/script>\n<script>\n  hbspt.forms.create({\n    region: \"na1\",\n    portalId: \"45366291\",\n    formId: \"1c7f676b-3320-477b-94bc-f03f2d341adc\"\n  });\n<\/script>\n<\/div>\n<\/div>\n","protected":false},"excerpt":{"rendered":"<p>Our Recent Blogs We help you build the business of your dreams At our web and mobile app development company, our primary goal is to assist our clients in building the business of their dreams. We achieve this through a comprehensive and collaborative process that involves several key steps By following this comprehensive approach, we \u2026 <a href=\"https:\/\/www.ondemandbiz.com\/blog\/\" rel=\"noopener noreferrer\">Read more<\/a><\/p>\n","protected":false},"author":2,"featured_media":0,"parent":0,"menu_order":0,"comment_status":"closed","ping_status":"closed","template":"","meta":{"site-sidebar-layout":"no-sidebar","site-content-layout":"plain-container","ast-site-content-layout":"","site-content-style":"default","site-sidebar-style":"default","ast-global-header-display":"","ast-banner-title-visibility":"","ast-main-header-display":"","ast-hfb-above-header-display":"","ast-hfb-below-header-display":"","ast-hfb-mobile-header-display":"","site-post-title":"disabled","ast-breadcrumbs-content":"","ast-featured-img":"","footer-sml-layout":"","theme-transparent-header-meta":"enabled","adv-header-id-meta":"","stick-header-meta":"","header-above-stick-meta":"","header-main-stick-meta":"","header-below-stick-meta":"","astra-migrate-meta-layouts":"default","ast-page-background-enabled":"default","ast-page-background-meta":{"desktop":{"background-color":"var(--ast-global-color-4)","background-image":"","background-repeat":"repeat","background-position":"center center","background-size":"auto","background-attachment":"scroll","background-type":"","background-media":"","overlay-type":"","overlay-color":"","overlay-opacity":"","overlay-gradient":""},"tablet":{"background-color":"","background-image":"","background-repeat":"repeat","background-position":"center center","background-size":"auto","background-attachment":"scroll","background-type":"","background-media":"","overlay-type":"","overlay-color":"","overlay-opacity":"","overlay-gradient":""},"mobile":{"background-color":"","background-image":"","background-repeat":"repeat","background-position":"center center","background-size":"auto","background-attachment":"scroll","background-type":"","background-media":"","overlay-type":"","overlay-color":"","overlay-opacity":"","overlay-gradient":""}},"ast-content-background-meta":{"desktop":{"background-color":"var(--ast-global-color-5)","background-image":"","background-repeat":"repeat","background-position":"center center","background-size":"auto","background-attachment":"scroll","background-type":"","background-media":"","overlay-type":"","overlay-color":"","overlay-opacity":"","overlay-gradient":""},"tablet":{"background-color":"var(--ast-global-color-5)","background-image":"","background-repeat":"repeat","background-position":"center center","background-size":"auto","background-attachment":"scroll","background-type":"","background-media":"","overlay-type":"","overlay-color":"","overlay-opacity":"","overlay-gradient":""},"mobile":{"background-color":"var(--ast-global-color-5)","background-image":"","background-repeat":"repeat","background-position":"center center","background-size":"auto","background-attachment":"scroll","background-type":"","background-media":"","overlay-type":"","overlay-color":"","overlay-opacity":"","overlay-gradient":""}},"footnotes":""},"_links":{"self":[{"href":"https:\/\/www.ondemandbiz.com\/blog\/wp-json\/wp\/v2\/pages\/32"}],"collection":[{"href":"https:\/\/www.ondemandbiz.com\/blog\/wp-json\/wp\/v2\/pages"}],"about":[{"href":"https:\/\/www.ondemandbiz.com\/blog\/wp-json\/wp\/v2\/types\/page"}],"author":[{"embeddable":true,"href":"https:\/\/www.ondemandbiz.com\/blog\/wp-json\/wp\/v2\/users\/2"}],"replies":[{"embeddable":true,"href":"https:\/\/www.ondemandbiz.com\/blog\/wp-json\/wp\/v2\/comments?post=32"}],"version-history":[{"count":21,"href":"https:\/\/www.ondemandbiz.com\/blog\/wp-json\/wp\/v2\/pages\/32\/revisions"}],"predecessor-version":[{"id":136,"href":"https:\/\/www.ondemandbiz.com\/blog\/wp-json\/wp\/v2\/pages\/32\/revisions\/136"}],"wp:attachment":[{"href":"https:\/\/www.ondemandbiz.com\/blog\/wp-json\/wp\/v2\/media?parent=32"}],"curies":[{"name":"wp","href":"https:\/\/api.w.org\/{rel}","templated":true}]}}